{"id":133,"date":"2011-12-31T21:04:32","date_gmt":"2011-12-31T20:04:32","guid":{"rendered":"http:\/\/www.atelier-geyer.de\/bergith\/?page_id=133"},"modified":"2012-04-19T19:04:47","modified_gmt":"2012-04-19T18:04:47","slug":"malerei-skulpturen","status":"publish","type":"page","link":"https:\/\/www.atelier-geyer.de\/bergith\/malerei-skulpturen\/","title":{"rendered":"Malerei \/ Skulpturen"},"content":{"rendered":"<h5><span style=\"color: #800000\"><strong>Malerei und Bildhauerei, <\/strong><\/span><span style=\"color: #800000\"><strong>sind meine Leidenschaft !<\/strong><\/span><\/h5>\n<p><span style=\"color: #808080\">Wenn ich mich die<\/span><span style=\"color: #808080\">sen beiden kreativen Medien widme, erlebe ich erf\u00fcllte Stunden, die ich im inneren Gleichgewicht mit mir selbst verbringe.\u00a0Dies ist f\u00fcr mich ein sehr kreativer, momentaner Vorgang, die Zeit steht still. Die Kontrollinstanz des Kopfes ist beinahe ausgeschaltet. Sehen und F\u00fchlen sind daher unweigerlich mit dem entstehenden Werk verbunden. Starke emotionale Bedeutungen werden in den bildnerischen Prozess eingefangen.<\/span><\/p>\n<p><span style=\"color: #808080\">Der Versuch bei meinen Arbeiten hinter die Dinge zu schauen und deren Seele und Atmosph\u00e4re einzufangen, gestalterisch umzusetzen und zu verwirklichen, ist mir ein grosses Bed\u00fcrfnis. Die Vollkommenheit eines Werkes wird f\u00fcr mich dann sichtbar, wenn sich Leidenschaft, Temperament, Anmut, Ruhe, Inspiration und Spontanit\u00e4t in ihm vereinen oder abwechselnd ausdr\u00fccken. Erst dann versp\u00fchre ich eine innere Zufriedenheit.<\/span><\/p>\n<p><span style=\"color: #808080\">Meine Bilder\/Skulpturen sollen neugierig machen, Gef\u00fchle ausdr\u00fccken, daher auch keinem Trend folgen, sondern durch eigenst\u00e4ndig belebende Akzente in einem Dialog zwischen Gegenst\u00e4ndlichkeit und Abstraktion in einer Harmonie enden.<\/span><\/p>\n<p><span style=\"color: #808080\">Nachfolgendes Zitat best\u00e4rkt mich: ich bin auf dem richtigen Weg \u00a0 \u00a0 \u00a0 \u00a0 \u00a0 \u00a0 \u00a0 \u00a0 \u00a0 \u00a0 \u00a0 \u00a0 \u00a0 \u00a0 \u00a0 \u00a0 \u00a0 \u00a0 \u00a0 \u00a0 \u00a0 \u00a0 \u00a0 \u00a0 \u00a0 <span style=\"color: #800000\">Aus der\u00a0<\/span><\/span><span style=\"color: #800000\">Beurteilung meiner Aquarelle durch Oskar Koller \/ 2003<\/span><br \/>\n<span style=\"color: #808080\">&#8211; Zitat:&#8230;&#8230;..&#8220;Ihre Inspiration bedient sich der Phantasien und Tr\u00e4ume, macht das\u00a0<\/span><span style=\"color: #808080\">Surreale, die Vielschichtigkeit all dessen, was \u00fcberhaupt sichtbar ist, klar deutlich&#8220;<\/span><span style=\"color: #808080\">&#8230;.&#8220;<\/span><span style=\"color: #808080\">ihre Verwendung von heiteren Farben bilden den Ausgangspunkt f\u00fcr ein Farbenspiel von grosser Direktheit und Unmittelbarkeit wie eine poetische Kraft. Rhythmus, Farbe, Linie und Form, Zeit und Zeitlosigkeit bilden Farbakkorde, die sich zu einer sp\u00fcrbaren Vitalit\u00e4t entwickeln und positive Energie freimacht. Bei Bergith Geyer ist Farbe ein untr\u00fcgliches Symbol um Werke mit Kraft, Sprache und Grazie hervorzurufen. Sie versteht es auch, dass in dieser Assoziation sowohl eine geheimnisvolle Ausstrahlung, wie auch Verletzlichkeit zum Tragen kommen&#8220;&#8230;&#8230;&#8230;&#8230; (Zitatende).<\/span><\/p>\n<p><em><span style=\"color: #808080\">Bergith Geyer<\/span><\/em><\/p>\n<p><span style=\"color: #800000\"><strong>Nun lade ich sie sehr herzlich ein mir durch meine\u00a0<\/strong><strong>Bildergalerie (auszugsweise 125 aus ca 400 Bildern) und meinen Skulptuen-&#8222;Garten&#8220; zu folgen&#8230;<\/strong><\/span><\/p>\n<p>&nbsp;<\/p>\n","protected":false},"excerpt":{"rendered":"<p>Malerei und Bildhauerei, sind meine Leidenschaft ! Wenn ich mich diesen beiden kreativen Medien widme, erlebe ich erf\u00fcllte Stunden, die ich im inneren Gleichgewicht mit mir selbst verbringe.\u00a0Dies ist f\u00fcr mich ein sehr kreativer, momentaner Vorgang, die Zeit steht still. &hellip; <a href=\"https:\/\/www.atelier-geyer.de\/bergith\/malerei-skulpturen\/\">Weiterlesen <span class=\"meta-nav\">&rarr;<\/span><\/a><\/p>\n","protected":false},"author":3,"featured_media":398,"parent":0,"menu_order":0,"comment_status":"closed","ping_status":"closed","template":"","meta":{"ngg_post_thumbnail":0,"footnotes":""},"class_list":["post-133","page","type-page","status-publish","has-post-thumbnail","hentry"],"_links":{"self":[{"href":"https:\/\/www.atelier-geyer.de\/bergith\/wp-json\/wp\/v2\/pages\/133"}],"collection":[{"href":"https:\/\/www.atelier-geyer.de\/bergith\/wp-json\/wp\/v2\/pages"}],"about":[{"href":"https:\/\/www.atelier-geyer.de\/bergith\/wp-json\/wp\/v2\/types\/page"}],"author":[{"embeddable":true,"href":"https:\/\/www.atelier-geyer.de\/bergith\/wp-json\/wp\/v2\/users\/3"}],"replies":[{"embeddable":true,"href":"https:\/\/www.atelier-geyer.de\/bergith\/wp-json\/wp\/v2\/comments?post=133"}],"version-history":[{"count":20,"href":"https:\/\/www.atelier-geyer.de\/bergith\/wp-json\/wp\/v2\/pages\/133\/revisions"}],"predecessor-version":[{"id":3752,"href":"https:\/\/www.atelier-geyer.de\/bergith\/wp-json\/wp\/v2\/pages\/133\/revisions\/3752"}],"wp:featuredmedia":[{"embeddable":true,"href":"https:\/\/www.atelier-geyer.de\/bergith\/wp-json\/wp\/v2\/media\/398"}],"wp:attachment":[{"href":"https:\/\/www.atelier-geyer.de\/bergith\/wp-json\/wp\/v2\/media?parent=133"}],"curies":[{"name":"wp","href":"https:\/\/api.w.org\/{rel}","templated":true}]}}